
7
Suppose -5*f + 9182 = n + 1161, 5*f + 2*n - 8017 = 0. What is the tens digit of f?
0
Let t(s) be the second derivative of s**4/6 + 4*s**3/3 - s**2 + 6*s. Let c(p) = 2*p. Let x be c(-3). What is the units digit of t(x)?
2
Let f(h) = 44*h - 283. What is the thousands digit of f(32)?
1
Suppose -71*n + 27324 = -17*n. What is the units digit of n?
6
Let s = -8 - -8. Suppose -2*g + g + 60 = s. What is the tens digit of g?
6
Suppose -5*y - 5*i = -2070, -2*i = 5*y - 6*y + 411. What is the tens digit of y?
1
Suppose 313 = 5*d - v, v + 0*v - 245 = -4*d. Let i be 8/(-6) + d/6. Suppose 5*u = i*u - 304. What is the units digit of u?
6
Let k = -7 + 10. Let n(u) = -u**3 - 3*u**2 + 3*u**3 + 2*u - 4 + 3*u - 4*u. What is the units digit of n(k)?
6
Let u(a) = -154*a - 55. What is the tens digit of u(-7)?
2
Let h = 467 - -127. What is the hundreds digit of h?
5
Let h = 100 - 137. Suppose 2*s + 118 = -0*s. Let l = h - s. What is the units digit of l?
2
Let x = -16 - -26. Let m(y) = x - 6*y + 9*y**2 + 2 + 10 - 15 - y**3. What is the tens digit of m(8)?
2
Suppose -4*k + 20216 = 4*u, k + 4 = 1. What is the thousands digit of u?
5
Suppose 5*t = -0*f + 4*f + 759, f - 301 = -2*t. Suppose 4*w = 6*s - 4*s - 110, t = 3*s + w. What is the tens digit of s?
5
Let p(h) = 5*h**3 - h**2 + 1. Suppose 4*o - 5*c + 3*c - 2 = 0, -2*c = o - 8. Let r be p(o). Let n = -26 + r. What is the units digit of n?
1
Suppose -108*j + 112*j - 7108 = 0. What is the tens digit of j?
7
Suppose -19*p + 0*p = -38. Suppose 980 = 5*o + 5*l, p*o + 2*o - 4*l - 744 = 0. What is the units digit of o?
1
Let j(o) = o**2 - o - 9. Let b be j(3). What is the units digit of 1 - b - 60/(-4)?
9
Let q(i) = i + 18. Suppose -n = -4*n. What is the tens digit of q(n)?
1
Suppose -3*h - 2799 = -3*q, -5*q + 3246 + 1437 = 4*h. What is the tens digit of q?
3
Suppose 6*o - 1204 - 104 = 0. What is the units digit of o?
8
Let s = -5 + 8. Suppose -s*j + 4*j - 43 = 0. What is the tens digit of j?
4
Suppose 0 = 2*v - n + 4 - 0, -4*v - 12 = -3*n. Suppose -18 = -5*b - b. Suppose -b*x = 4*k - 10, 0 = k - x - v - 6. What is the units digit of k?
4
What is the tens digit of (-162)/(8/48*-3)?
2
Let i = -485 + 2377. What is the thousands digit of i?
1
Suppose s = -10*n + 8*n + 3109, -4644 = -3*n + 5*s. What is the thousands digit of n?
1
Let t = 106 - 96. Suppose -4*w + 3122 = t*w. What is the units digit of w?
3
Suppose 0 = 3*b + 51 - 186. What is the tens digit of b?
4
Suppose 318 = -2*h - 1506. What is the hundreds digit of ((-3)/(-6))/((-2)/h)?
2
Let l(j) = -j + 9*j + 3 - 12 + j**2. What is the units digit of l(-10)?
1
Let z = -40 + 48. Suppose -198 = -9*g + z*g. What is the units digit of g?
8
Let p = 172 + -261. Let x = 175 + p. What is the units digit of x?
6
Suppose -8*h + 248094 = 55*h. What is the hundreds digit of h?
9
Let m(s) = -s**2. Let g be m(2). Let c be g/(-10) + 364/(-35). What is the units digit of (c - -23)*(2 - 1)?
3
Let b(i) be the first derivative of -47*i**2/2 + 21*i - 23. What is the units digit of b(-3)?
2
Let o(s) = 6*s**2 - 76*s - 752. What is the units digit of o(-9)?
8
Suppose 2*m = -3*m - 50. Let d(a) = 3*a - 11. Let v(s) = -2*s + 6. Let c(l) = m*v(l) - 6*d(l). What is the units digit of c(16)?
8
Let r = 55 - 33. Suppose -24*q = -r*q - 46. What is the tens digit of q?
2
Suppose -11*u = -8*u. Let l be -1301 - (-1)/(u - -1). What is the units digit of l/(-30) - (-2)/(-6)?
3
Let n(t) be the first derivative of -15*t**4/2 + t**2 + t + 25. What is the tens digit of n(-1)?
2
Suppose -62*v - 1010 = -67*v. What is the hundreds digit of v?
2
Let v(u) = u**3 - 7*u**2 + 12*u - 17. Suppose -5*f + r + 34 = 0, 2*f + 0*r + 4*r = 18. Let z be v(f). Suppose -z - 21 = -4*b. What is the units digit of b?
2
What is the thousands digit of 46281/18 - (13/6 + -2)?
2
Let v(c) = c + 44. Let d = 19 - 16. Suppose -2*w - 7*n + 3*n - 16 = 0, d*w = -n - 4. What is the units digit of v(w)?
4
What is the hundreds digit of 378 + (6/2)/(75/(-100))?
3
Let n be 10/6 - 1/(-3). Let y be (4/n - 1)/(-1). What is the tens digit of -2 - -52 - (y - -1)?
5
Let s(y) = -y**3 - 2*y**2 + 14*y - 2. Let t = 51 - 22. Let p = -35 + t. What is the units digit of s(p)?
8
Let f = 2019 - 918. Suppose -4*t - 4*u + 1488 = 0, -3*t - 4*u = -6*u - f. Suppose 0 = -3*m - 150 + t. What is the tens digit of m?
7
Suppose 24 = f + 4*f + a, 3*f = -3*a + 24. Suppose -5*d = 2*k + 16, 0 = k + 3*k - 5*d - 28. Suppose -22 = -f*z - k. What is the units digit of z?
5
Suppose -6*o + 12 + 0 = 0. Suppose -s - f = -o*s + 150, -4*s = 2*f - 582. What is the hundreds digit of s?
1
Let n be (-8*1)/(18/(-9)). Suppose -n*k = -3*b + k + 286, 93 = b - 4*k. Suppose 3*v - 38 = b. What is the units digit of v?
5
What is the units digit of -3 + (4 - (3 - 0)) + 2308?
6
Suppose 3*w + 5*d = 6*w + 90, w - 2*d + 31 = 0. Let j = w - -28. What is the units digit of (j/2)/((-1)/(-34))?
1
Suppose -3*b = -6*b + 108. Suppose 2*x - 68 = b. What is the units digit of x?
2
Let x = -23 + 20. Let y(c) = -c**3 + 2*c + 1. What is the tens digit of y(x)?
2
Let q = -65 + 70. What is the units digit of 3*q/15*25?
5
Let z(k) = -227*k - 221. What is the units digit of z(-5)?
4
Suppose 4*a + 16 = 172. Suppose -5*j + 151 + a = 0. What is the units digit of j?
8
Let n = -124 - -175. Let v = n + 29. What is the tens digit of v?
8
What is the hundreds digit of 2/(-9) + 46740/135?
3
What is the thousands digit of (1800/(-14))/(-3*(-26)/(-819))?
1
Let n be (-1)/(-1 - 0)*3. Suppose -28 = -7*d + n*d - 3*f, 0 = 4*d - 5*f + 4. Suppose -d*r = -6*r + 38. What is the units digit of r?
9
Suppose 2*b - 5 = 91. Let j be -1*1*(-3)/(-1). What is the tens digit of b/(j/2*-1)?
3
Suppose 3*r - 4*r - 28 = 0. Let f be 6/4*r/(-3). Suppose -3*m - f = 4*n - 72, -4*n = -5*m + 118. What is the units digit of m?
2
Let c(d) = -7 - 1 - 3 + 9 - 7*d. What is the tens digit of c(-2)?
1
Suppose 0 = 16*j - 14*j - 794. Suppose -4*t + 8*t - 5*l - j = 0, -2*l = 10. What is the units digit of t?
3
Let n(p) = -p - 3. Let m be n(-7). Suppose 4*i = -5*g + 8, m*i = -2*g + i - 1. Suppose -t - t + 40 = 3*l, -g*t + 96 = 2*l. What is the units digit of t?
6
Let h = 94 - -236. What is the hundreds digit of h?
3
Suppose -2*n = -3*c + 718, 0 = 4*c + 4*n + n - 965. Suppose -j = -4*j + c. What is the tens digit of j?
8
Suppose -1855 = 7*x + 77. Let t = x - -503. What is the hundreds digit of t?
2
Let a(h) = -9*h**2 + 57*h - 7. What is the tens digit of a(6)?
1
Suppose -5*g + 0*v + 4*v + 1193 = 0, -4*g = 2*v - 970. What is the tens digit of g?
4
Suppose -28*v + 4*v = -14664. What is the tens digit of v?
1
Let l be (-2)/5*-5 - -1. Suppose 4*d - 10 = -3*v - 0*d, -l*d - 6 = 0. Suppose 42 = 7*w - v*w. What is the units digit of w?
2
Let c = -43 - -46. Suppose 3*m = -4*v - c + 4, 18 = 2*v - 2*m. What is the units digit of v?
4
Suppose -2*v = -2*g - 5700, -28*g + 25*g - 15 = 0. What is the hundreds digit of v?
8
Suppose 2*n - h = n + 620, -3*n - 5*h = -1820. What is the hundreds digit of n?
6
Suppose 2*s = -5*c + 990, -s = 2*c - 3*c + 205. What is the units digit of c?
0
Suppose 3*y + 118 = 49. What is the tens digit of (2 - y) + (-3 - 1)?
2
Let f(q) = 12*q**3 - 2*q**2 + q + 1. Let l be f(1). Let y(n) = 4*n + 28. What is the units digit of y(l)?
6
Let m(j) = -7*j**2 - 2*j - 32. Let l(x) = -2*x**2 - x - 11. Let y(d) = 17*l(d) - 6*m(d). What is the tens digit of y(2)?
2
Suppose 0 = r - 4 - 0. Let n(i) = -2*i + 5. Let z be n(0). Suppose 0 = -z*s + 4*o + 135, -4*s - r*o + 144 = -0*s. What is the units digit of s?
1
Let i = -33 + 40. Suppose -3*v + i*v - 412 = 0. What is the units digit of v?
3
Let d be 4 - (-1 + 1 + 1). Let n be (-3 + -1)*126/(-24). Suppose -d*w = -n - 27. What is the units digit of w?
6
Suppose -9 = -3*i + 5*x, -i + 3*x = -0*i - 3. Suppose -2*d - i*k + 577 = 0, 5*k = -4*d - 0*k + 1157. What is the units digit of d?
3
Let q = -1412 - -2026. Suppose 0 = 4*d - q + 98. What is the hundreds digit of d?
1
Let g = 306 - 191. Suppose -5*x - 75 = g. Let y = x + 54. What is the units digit of y?
6
Suppose 3*t = 5*g + 18, 4*t + 5*g - 30 = -t. Let s be 1/(-1)*(-282)/t. Let d = 67 - s. What is the units digit of d?
0
Suppose 4*p + 2 = 6*p, -3*p + 3123 = 5*b. What is the hundreds digit of b?
6
What is the tens digit of ((-90)/27)/((-5)/465)?
1
Let r(y) = 70*y + 128. Wha